[INFO] cloning repository https://github.com/Brecert/rs-scrape
[INFO] running `Command { std: "git" "-c" "credential.helper=" "-c" "credential.helper=/workspace/cargo-home/bin/git-credential-null" "clone" "--bare" "https://github.com/Brecert/rs-scrape" "/workspace/cache/git-repos/https%3A%2F%2Fgithub.com%2FBrecert%2Frs-scrape", kill_on_drop: false }`
[INFO] [stderr] Cloning into bare repository '/workspace/cache/git-repos/https%3A%2F%2Fgithub.com%2FBrecert%2Frs-scrape'...
[INFO] running `Command { std: "git" "rev-parse" "HEAD", kill_on_drop: false }`
[INFO] [stdout] 64048cf08d6eb12208fa4fb343f27533b341780b
[INFO] checking Brecert/rs-scrape against master#af3c6e733a40e671550e0f0f5aeecaa13772ba56 for pr-74989
[INFO] running `Command { std: "git" "clone" "/workspace/cache/git-repos/https%3A%2F%2Fgithub.com%2FBrecert%2Frs-scrape" "/workspace/builds/worker-7/source", kill_on_drop: false }`
[INFO] [stderr] Cloning into '/workspace/builds/worker-7/source'...
[INFO] [stderr] done.
[INFO] validating manifest of git repo https://github.com/Brecert/rs-scrape on toolchain af3c6e733a40e671550e0f0f5aeecaa13772ba56
[INFO] running `Command { std: "/workspace/cargo-home/bin/cargo" "+af3c6e733a40e671550e0f0f5aeecaa13772ba56" "read-manifest" "--manifest-path" "Cargo.toml", kill_on_drop: false }`
[INFO] started tweaking git repo https://github.com/Brecert/rs-scrape
[INFO] finished tweaking git repo https://github.com/Brecert/rs-scrape
[INFO] tweaked toml for git repo https://github.com/Brecert/rs-scrape written to /workspace/builds/worker-7/source/Cargo.toml
[INFO] crate git repo https://github.com/Brecert/rs-scrape already has a lockfile, it will not be regenerated
[INFO] running `Command { std: "/workspace/cargo-home/bin/cargo" "+af3c6e733a40e671550e0f0f5aeecaa13772ba56" "fetch" "--locked" "--manifest-path" "Cargo.toml", kill_on_drop: false }`
[INFO] running `Command { std: "docker" "create" "-v" "/var/lib/crater-agent-workspace/builds/worker-7/target:/opt/rustwide/target:rw,Z" "-v" "/var/lib/crater-agent-workspace/builds/worker-7/source:/opt/rustwide/workdir:ro,Z" "-v" "/var/lib/crater-agent-workspace/cargo-home:/opt/rustwide/cargo-home:ro,Z" "-v" "/var/lib/crater-agent-workspace/rustup-home:/opt/rustwide/rustup-home:ro,Z" "-e" "SOURCE_DIR=/opt/rustwide/workdir" "-e" "CARGO_TARGET_DIR=/opt/rustwide/target" "-e" "CARGO_HOME=/opt/rustwide/cargo-home" "-e" "RUSTUP_HOME=/opt/rustwide/rustup-home" "-w" "/opt/rustwide/workdir" "-m" "1610612736" "--user" "0:0" "--network" "none" "rustops/crates-build-env@sha256:d92eaeed33fa75130ca1ee6c8a01d1ffb62bac859dfdfb3450e3e5d1c0146529" "/opt/rustwide/cargo-home/bin/cargo" "+af3c6e733a40e671550e0f0f5aeecaa13772ba56" "metadata" "--no-deps" "--format-version=1", kill_on_drop: false }`
[INFO] [stdout] 72e7a4bf552a2810d99c05525b6974234207c435eecd9fd234b4de03e8db51c1
[INFO] [stderr] WARNING: Your kernel does not support swap limit capabilities or the cgroup is not mounted. Memory limited without swap.
[INFO] running `Command { std: "docker" "start" "-a" "72e7a4bf552a2810d99c05525b6974234207c435eecd9fd234b4de03e8db51c1", kill_on_drop: false }`
[INFO] running `Command { std: "docker" "inspect" "72e7a4bf552a2810d99c05525b6974234207c435eecd9fd234b4de03e8db51c1", kill_on_drop: false }`
[INFO] running `Command { std: "docker" "rm" "-f" "72e7a4bf552a2810d99c05525b6974234207c435eecd9fd234b4de03e8db51c1", kill_on_drop: false }`
[INFO] [stdout] 72e7a4bf552a2810d99c05525b6974234207c435eecd9fd234b4de03e8db51c1
[INFO] running `Command { std: "docker" "create" "-v" "/var/lib/crater-agent-workspace/builds/worker-7/target:/opt/rustwide/target:rw,Z" "-v" "/var/lib/crater-agent-workspace/builds/worker-7/source:/opt/rustwide/workdir:ro,Z" "-v" "/var/lib/crater-agent-workspace/cargo-home:/opt/rustwide/cargo-home:ro,Z" "-v" "/var/lib/crater-agent-workspace/rustup-home:/opt/rustwide/rustup-home:ro,Z" "-e" "SOURCE_DIR=/opt/rustwide/workdir" "-e" "CARGO_TARGET_DIR=/opt/rustwide/target" "-e" "CARGO_INCREMENTAL=0" "-e" "RUST_BACKTRACE=full" "-e" "RUSTFLAGS=--cap-lints=forbid" "-e" "CARGO_HOME=/opt/rustwide/cargo-home" "-e" "RUSTUP_HOME=/opt/rustwide/rustup-home" "-w" "/opt/rustwide/workdir" "-m" "1610612736" "--user" "0:0" "--network" "none" "rustops/crates-build-env@sha256:d92eaeed33fa75130ca1ee6c8a01d1ffb62bac859dfdfb3450e3e5d1c0146529" "/opt/rustwide/cargo-home/bin/cargo" "+af3c6e733a40e671550e0f0f5aeecaa13772ba56" "check" "--frozen" "--all" "--all-targets" "--message-format=json", kill_on_drop: false }`
[INFO] [stdout] 438b3c7b128ab2c05ca8cc5e3a4e4e5a5b8712d92adbd5be57969b2807185c37
[INFO] [stderr] WARNING: Your kernel does not support swap limit capabilities or the cgroup is not mounted. Memory limited without swap.
[INFO] running `Command { std: "docker" "start" "-a" "438b3c7b128ab2c05ca8cc5e3a4e4e5a5b8712d92adbd5be57969b2807185c37", kill_on_drop: false }`
[INFO] [stderr]    Compiling autocfg v0.1.4
[INFO] [stderr]    Compiling proc-macro2 v0.4.30
[INFO] [stderr]    Compiling syn v0.15.39
[INFO] [stderr]    Compiling siphasher v0.2.3
[INFO] [stderr]     Checking spin v0.5.0
[INFO] [stderr]    Compiling log v0.4.7
[INFO] [stderr]    Compiling byteorder v1.3.2
[INFO] [stderr]    Compiling cc v1.0.37
[INFO] [stderr]     Checking smallvec v0.6.10
[INFO] [stderr]    Compiling serde v1.0.94
[INFO] [stderr]     Checking futures v0.1.28
[INFO] [stderr]    Compiling semver-parser v0.7.0
[INFO] [stderr]     Checking itoa v0.4.4
[INFO] [stderr]     Checking either v1.5.2
[INFO] [stderr]     Checking nodrop v0.1.13
[INFO] [stderr]     Checking scopeguard v0.3.3
[INFO] [stderr]     Checking new_debug_unreachable v1.0.3
[INFO] [stderr]    Compiling arrayvec v0.4.11
[INFO] [stderr]     Checking precomputed-hash v0.1.1
[INFO] [stderr]     Checking mac v0.1.1
[INFO] [stderr]     Checking utf-8 v0.7.5
[INFO] [stderr]     Checking string_cache_shared v0.3.0
[INFO] [stderr]     Checking memoffset v0.2.1
[INFO] [stderr]    Compiling regex v1.1.9
[INFO] [stderr]     Checking dtoa v0.4.4
[INFO] [stderr]     Checking rustc-demangle v0.1.15
[INFO] [stderr]    Compiling crc32fast v1.2.0
[INFO] [stderr]    Compiling openssl v0.10.23
[INFO] [stderr]    Compiling failure_derive v0.1.5
[INFO] [stderr]     Checking utf8-ranges v1.0.3
[INFO] [stderr]    Compiling rustc-serialize v0.3.24
[INFO] [stderr]    Compiling procedural-masquerade v0.1.6
[INFO] [stderr]     Checking safemem v0.3.0
[INFO] [stderr]     Checking bit-vec v0.4.4
[INFO] [stderr]     Checking unicode-width v0.1.5
[INFO] [stderr]     Checking thin-slice v0.1.1
[INFO] [stderr]     Checking groupable v0.2.0
[INFO] [stderr]     Checking ego-tree v0.6.0
[INFO] [stderr]     Checking modifier v0.1.0
[INFO] [stderr]    Compiling rand_jitter v0.1.4
[INFO] [stderr]    Compiling unicase v2.4.0
[INFO] [stderr]    Compiling error-chain v0.12.1
[INFO] [stderr]     Checking try_from v0.3.2
[INFO] [stderr]     Checking servo_arc v0.1.1
[INFO] [stderr]     Checking lazy_static v1.3.0
[INFO] [stderr]     Checking futf v0.1.4
[INFO] [stderr]    Compiling semver v0.9.0
[INFO] [stderr]     Checking unreachable v0.1.1
[INFO] [stderr]     Checking regex-syntax v0.6.8
[INFO] [stderr]     Checking unsafe-any v0.4.2
[INFO] [stderr]     Checking unicode-normalization v0.1.8
[INFO] [stderr]     Checking dtoa-short v0.3.2
[INFO] [stderr]     Checking miniz_oxide v0.2.2
[INFO] [stderr]     Checking getopts v0.2.19
[INFO] [stderr]    Compiling libc v0.2.59
[INFO] [stderr]    Compiling rand_pcg v0.1.2
[INFO] [stderr]    Compiling rand_chacha v0.1.1
[INFO] [stderr]    Compiling rand v0.6.5
[INFO] [stderr]     Checking lock_api v0.1.5
[INFO] [stderr]     Checking bit-set v0.4.0
[INFO] [stderr]     Checking debug_unreachable v0.1.1
[INFO] [stderr]     Checking crossbeam-utils v0.6.5
[INFO] [stderr]     Checking thread_local v0.3.6
[INFO] [stderr]    Compiling syn v0.11.11
[INFO] [stderr]     Checking typemap v0.3.3
[INFO] [stderr]     Checking encoding_rs v0.8.17
[INFO] [stderr]     Checking iovec v0.1.2
[INFO] [stderr]     Checking rand_os v0.1.3
[INFO] [stderr]     Checking num_cpus v1.10.1
[INFO] [stderr]     Checking net2 v0.2.33
[INFO] [stderr]     Checking time v0.1.42
[INFO] [stderr]     Checking tendril v0.3.1
[INFO] [stderr]     Checking tendril v0.4.1
[INFO] [stderr]     Checking aho-corasick v0.7.4
[INFO] [stderr]    Compiling rustc_version v0.2.3
[INFO] [stderr]     Checking plugin v0.2.6
[INFO] [stderr]     Checking log v0.3.9
[INFO] [stderr]    Compiling phf_shared v0.7.24
[INFO] [stderr]     Checking mio v0.6.19
[INFO] [stderr]     Checking crossbeam-queue v0.1.2
[INFO] [stderr]     Checking tokio-executor v0.1.8
[INFO] [stderr]     Checking tokio-sync v0.1.6
[INFO] [stderr]     Checking want v0.2.0
[INFO] [stderr]     Checking futures-cpupool v0.1.8
[INFO] [stderr]     Checking crossbeam-epoch v0.7.1
[INFO] [stderr]     Checking bytes v0.4.12
[INFO] [stderr]     Checking base64 v0.9.3
[INFO] [stderr]     Checking fxhash v0.2.1
[INFO] [stderr]     Checking base64 v0.10.1
[INFO] [stderr]     Checking phf v0.7.24
[INFO] [stderr]     Checking mime v0.2.6
[INFO] [stderr]    Compiling quote v0.6.12
[INFO] [stderr]     Checking tokio-current-thread v0.1.6
[INFO] [stderr]     Checking tokio-timer v0.2.11
[INFO] [stderr]     Checking mime v0.3.13
[INFO] [stderr]    Compiling parking_lot_core v0.4.0
[INFO] [stderr]    Compiling hyper v0.12.32
[INFO] [stderr]    Compiling backtrace-sys v0.1.30
[INFO] [stderr]    Compiling openssl-sys v0.9.47
[INFO] [stderr]    Compiling miniz_oxide_c_api v0.2.2
[INFO] [stderr]     Checking crossbeam-deque v0.7.1
[INFO] [stderr]     Checking idna v0.1.5
[INFO] [stderr]     Checking tokio-io v0.1.12
[INFO] [stderr]     Checking http v0.1.17
[INFO] [stderr]     Checking tokio-buf v0.1.1
[INFO] [stderr]     Checking string v0.2.1
[INFO] [stderr]     Checking flate2 v1.0.9
[INFO] [stderr]     Checking url v1.7.2
[INFO] [stderr]     Checking backtrace v0.3.32
[INFO] [stderr]    Compiling native-tls v0.2.3
[INFO] [stderr]     Checking tokio-threadpool v0.1.15
[INFO] [stderr]     Checking uuid v0.7.4
[INFO] [stderr]    Compiling phf_generator v0.7.24
[INFO] [stderr]     Checking parking_lot v0.7.1
[INFO] [stderr]    Compiling phf_codegen v0.7.24
[INFO] [stderr]    Compiling string_cache_codegen v0.4.2
[INFO] [stderr]    Compiling selectors v0.21.0
[INFO] [stderr]    Compiling mime_guess v2.0.0-alpha.6
[INFO] [stderr]     Checking tokio-reactor v0.1.9
[INFO] [stderr]     Checking cookie v0.12.0
[INFO] [stderr]     Checking hyper v0.10.16
[INFO] [stderr]     Checking tokio-tcp v0.1.3
[INFO] [stderr]    Compiling string_cache v0.7.3
[INFO] [stderr]    Compiling string_cache v0.6.2
[INFO] [stderr]    Compiling markup5ever v0.3.2
[INFO] [stderr]     Checking tokio v0.1.22
[INFO] [stderr]    Compiling html5ever v0.18.0
[INFO] [stderr]     Checking h2 v0.1.25
[INFO] [stderr]     Checking http-body v0.1.0
[INFO] [stderr]     Checking publicsuffix v1.5.2
[INFO] [stderr]    Compiling synstructure v0.10.2
[INFO] [stderr]     Checking hyper-tls v0.3.2
[INFO] [stderr]    Compiling serde_derive v1.0.94
[INFO] [stderr]    Compiling cssparser v0.25.8
[INFO] [stderr]    Compiling cssparser-macros v0.3.5
[INFO] [stderr]    Compiling html5ever v0.22.5
[INFO] [stderr]     Checking failure v0.1.5
[INFO] [stderr]     Checking serde_json v1.0.40
[INFO] [stderr]     Checking mustache v0.9.0
[INFO] [stderr]     Checking serde_urlencoded v0.5.5
[INFO] [stderr]     Checking cookie_store v0.7.0
[INFO] [stderr]     Checking nickel v0.11.0
[INFO] [stderr]     Checking reqwest v0.9.18
[INFO] [stderr]    Compiling markup5ever v0.7.5
[INFO] [stderr]     Checking select v0.4.2
[INFO] [stderr]     Checking scraper v0.10.1
[INFO] [stderr]     Checking scraper v0.1.0 (/opt/rustwide/workdir)
[INFO] [stdout] error[E0277]: the trait bound `MaskIcon: Hash` is not satisfied
[INFO] [stdout]    --> src/get_metadata/mod.rs:48:3
[INFO] [stdout]     |
[INFO] [stdout] 48  |   mask_icon: Option<MaskIcon>,
[INFO] [stdout]     |   ^^^^^^^^^^^^^^^^^^^^^^^^^^^ the trait `Hash` is not implemented for `MaskIcon`
[INFO] [stdout]     |
[INFO] [stdout]     = note: required because of the requirements on the impl of `Hash` for `std::option::Option<MaskIcon>`
[INFO] [stdout]     = note: this error originates in a derive macro (in Nightly builds, run with -Z macro-backtrace for more info)
[INFO] [stdout] 
[INFO] [stdout] 
[INFO] [stdout] error[E0277]: the trait bound `MaskIcon: Eq` is not satisfied
[INFO] [stdout]    --> src/get_metadata/mod.rs:48:3
[INFO] [stdout]     |
[INFO] [stdout] 48  |   mask_icon: Option<MaskIcon>,
[INFO] [stdout]     |   ^^^^^^^^^^^^^^^^^^^^^^^^^^^ the trait `Eq` is not implemented for `MaskIcon`
[INFO] [stdout]     |
[INFO] [stdout]     = note: required because of the requirements on the impl of `Eq` for `std::option::Option<MaskIcon>`
[INFO] [stdout]     = note: this error originates in a derive macro (in Nightly builds, run with -Z macro-backtrace for more info)
[INFO] [stdout] 
[INFO] [stdout] 
[INFO] [stdout] error[E0369]: binary operation `==` cannot be applied to type `std::option::Option<MaskIcon>`
[INFO] [stdout]   --> src/get_metadata/mod.rs:48:3
[INFO] [stdout]    |
[INFO] [stdout] 48 |   mask_icon: Option<MaskIcon>,
[INFO] [stdout]    |   ^^^^^^^^^^^^^^^^^^^^^^^^^^^
[INFO] [stdout]    |
[INFO] [stdout]    = note: this error originates in a derive macro (in Nightly builds, run with -Z macro-backtrace for more info)
[INFO] [stdout] 
[INFO] [stdout] 
[INFO] [stdout] error[E0369]: binary operation `!=` cannot be applied to type `std::option::Option<MaskIcon>`
[INFO] [stdout]   --> src/get_metadata/mod.rs:48:3
[INFO] [stdout]    |
[INFO] [stdout] 48 |   mask_icon: Option<MaskIcon>,
[INFO] [stdout]    |   ^^^^^^^^^^^^^^^^^^^^^^^^^^^
[INFO] [stdout]    |
[INFO] [stdout]    = note: this error originates in a derive macro (in Nightly builds, run with -Z macro-backtrace for more info)
[INFO] [stdout] 
[INFO] [stdout] 
[INFO] [stdout] error[E0277]: the trait bound `MaskIcon: Hash` is not satisfied
[INFO] [stdout]    --> src/get_metadata/mod.rs:48:3
[INFO] [stdout]     |
[INFO] [stdout] 48  |   mask_icon: Option<MaskIcon>,
[INFO] [stdout]     |   ^^^^^^^^^^^^^^^^^^^^^^^^^^^ the trait `Hash` is not implemented for `MaskIcon`
[INFO] [stdout]     |
[INFO] [stdout]     = note: required because of the requirements on the impl of `Hash` for `std::option::Option<MaskIcon>`
[INFO] [stdout]     = note: this error originates in a derive macro (in Nightly builds, run with -Z macro-backtrace for more info)
[INFO] [stdout] 
[INFO] [stdout] 
[INFO] [stdout] error[E0277]: the trait bound `MaskIcon: Eq` is not satisfied
[INFO] [stdout]    --> src/get_metadata/mod.rs:48:3
[INFO] [stdout]     |
[INFO] [stdout] 48  |   mask_icon: Option<MaskIcon>,
[INFO] [stdout]     |   ^^^^^^^^^^^^^^^^^^^^^^^^^^^ the trait `Eq` is not implemented for `MaskIcon`
[INFO] [stdout]     |
[INFO] [stdout]     = note: required because of the requirements on the impl of `Eq` for `std::option::Option<MaskIcon>`
[INFO] [stdout]     = note: this error originates in a derive macro (in Nightly builds, run with -Z macro-backtrace for more info)
[INFO] [stdout] 
[INFO] [stdout] 
[INFO] [stdout] error[E0369]: binary operation `==` cannot be applied to type `std::option::Option<MaskIcon>`
[INFO] [stdout]   --> src/get_metadata/mod.rs:48:3
[INFO] [stdout]    |
[INFO] [stdout] 48 |   mask_icon: Option<MaskIcon>,
[INFO] [stdout]    |   ^^^^^^^^^^^^^^^^^^^^^^^^^^^
[INFO] [stdout]    |
[INFO] [stdout]    = note: this error originates in a derive macro (in Nightly builds, run with -Z macro-backtrace for more info)
[INFO] [stdout] 
[INFO] [stdout] 
[INFO] [stdout] error[E0369]: binary operation `!=` cannot be applied to type `std::option::Option<MaskIcon>`
[INFO] [stdout]   --> src/get_metadata/mod.rs:48:3
[INFO] [stdout]    |
[INFO] [stdout] 48 |   mask_icon: Option<MaskIcon>,
[INFO] [stdout]    |   ^^^^^^^^^^^^^^^^^^^^^^^^^^^
[INFO] [stdout]    |
[INFO] [stdout]    = note: this error originates in a derive macro (in Nightly builds, run with -Z macro-backtrace for more info)
[INFO] [stdout] 
[INFO] [stdout] 
[INFO] [stdout] error: aborting due to 4 previous errors
[INFO] [stdout] 
[INFO] [stdout] 
[INFO] [stdout] Some errors have detailed explanations: E0277, E0369.
[INFO] [stdout] 
[INFO] [stdout] For more information about an error, try `rustc --explain E0277`.
[INFO] [stdout] 
[INFO] [stdout] error: aborting due to 4 previous errors
[INFO] [stdout] 
[INFO] [stdout] 
[INFO] [stdout] Some errors have detailed explanations: E0277, E0369.
[INFO] [stdout] 
[INFO] [stdout] For more information about an error, try `rustc --explain E0277`.
[INFO] [stdout] 
[INFO] [stderr] error: could not compile `scraper`.
[INFO] [stderr] 
[INFO] [stderr] To learn more, run the command again with --verbose.
[INFO] [stderr] warning: build failed, waiting for other jobs to finish...
[INFO] [stderr] error: build failed
[INFO] running `Command { std: "docker" "inspect" "438b3c7b128ab2c05ca8cc5e3a4e4e5a5b8712d92adbd5be57969b2807185c37", kill_on_drop: false }`
[INFO] running `Command { std: "docker" "rm" "-f" "438b3c7b128ab2c05ca8cc5e3a4e4e5a5b8712d92adbd5be57969b2807185c37", kill_on_drop: false }`
[INFO] [stdout] 438b3c7b128ab2c05ca8cc5e3a4e4e5a5b8712d92adbd5be57969b2807185c37
